s the greatest common factor of 31590 and 21515?
65
Calculate the greatest common divisor of 20 and 222260.
20
Calculate the highest common factor of 9022 and 1118.
26
Calculate the highest common factor of 575 and 1075940.
115
What is the highest common factor of 630 and 50610?
210
What is the greatest common factor of 165953 and 263?
263
What is the greatest common factor of 62889 and 15?
3
What is the greatest common factor of 784 and 3780?
28
Calculate the greatest common factor of 1 and 12671.
1
Calculate the highest common factor of 115476 and 12.
12
Calculate the greatest common factor of 14 and 909433.
7
Calculate the greatest common factor of 1381107 and 1092.
273
Calculate the greatest common factor of 212636 and 136.
68
What is the greatest common divisor of 3946006 and 578?
578
What is the highest common divisor of 649 and 484?
11
What is the greatest common divisor of 323987 and 1?
1
Calculate the greatest common divisor of 28 and 6314252.
28
Calculate the highest common factor of 207 and 152421.
69
Calculate the greatest common factor of 82 and 85198.
82
Calculate the highest common factor of 16240 and 400.
80
Calculate the highest common divisor of 298812 and 444.
444
Calculate the highest common factor of 1638 and 77350.
182
Calculate the greatest common factor of 2635 and 70210.
85
What is the greatest common factor of 2690 and 5130?
10
Calculate the highest common factor of 1197 and 217.
7
What is the greatest common divisor of 731 and 15113?
17
Calculate the highest common divisor of 6248432 and 16.
16
Calculate the highest common factor of 1794 and 63204.
138
Calculate the highest common divisor of 2689120 and 1120.
1120
Calculate the greatest common divisor of 527289 and 392.
49
Calculate the greatest common divisor of 113509 and 187.
187
Calculate the greatest common factor of 113454 and 9504.
594
Calculate the greatest common divisor of 234072 and 8.
8
Calculate the highest common divisor of 583 and 187.
11
What is the greatest common divisor of 66848 and 40?
8
Calculate the highest common divisor of 252 and 468.
36
Calculate the greatest common factor of 102 and 25772.
34
Calculate the highest common factor of 2000 and 1306625.
125
What is the greatest common factor of 17 and 319668?
17
What is the highest common factor of 12 and 116535?
3
What is the highest common divisor of 789815 and 26?
13
What is the highest common factor of 20691 and 121?
121
Calculate the greatest common divisor of 1124 and 19108.
1124
What is the highest common divisor of 101 and 153823?
101
What is the highest common divisor of 179 and 91111?
179
Calculate the greatest common divisor of 4540050 and 45.
45
What is the highest common factor of 18065 and 5?
5
What is the greatest common divisor of 60 and 8730?
30
Calculate the highest common divisor of 235 and 6862.
47
Calculate the greatest common factor of 104439 and 186.
93
What is the greatest common factor of 944 and 468224?
944
Calculate the greatest common divisor of 3503 and 589.
31
What is the highest common divisor of 1760 and 115?
5
What is the greatest common divisor of 614 and 2796463?
307
What is the greatest common divisor of 676068 and 1696?
212
What is the greatest common divisor of 2627 and 1562?
71
What is the greatest common divisor of 844 and 3284?
4
What is the highest common factor of 2528 and 185492?
316
What is the greatest common factor of 414 and 1926?
18
What is the highest common divisor of 14 and 19934?
2
What is the highest common factor of 20 and 6808?
4
Calculate the highest common factor of 2 and 371386.
2
What is the greatest common factor of 1265 and 20493?
253
Calculate the highest common factor of 290 and 252440.
10
Calculate the greatest common factor of 53536 and 917.
7
What is the greatest common divisor of 2565 and 54?
27
What is the greatest common factor of 404328 and 192?
24
What is the highest common divisor of 9 and 11008?
1
Calculate the greatest common divisor of 966 and 53682.
138
Calculate the greatest common factor of 36064 and 103712.
224
What is the highest common divisor of 3 and 2443491?
3
What is the greatest common factor of 1568 and 111818?
98
What is the greatest common divisor of 9920 and 10385?
155
What is the highest common factor of 9555 and 10?
5
What is the highest common factor of 66 and 217878?
6
Calculate the highest common divisor of 616280 and 18886.
994
What is the greatest common divisor of 1034 and 3443?
11
Calculate the greatest common factor of 3537 and 3375477.
1179
What is the greatest common factor of 3380 and 2665?
65
Calculate the highest common divisor of 126 and 4815.
9
What is the greatest common divisor of 1149660 and 540?
540
Calculate the greatest common divisor of 1145631 and 111.
111
Calculate the greatest common divisor of 13536 and 8064.
288
Calculate the greatest common divisor of 939072 and 480.
96
What is the greatest common divisor of 68 and 18071?
17
Calculate the highest common factor of 467 and 16.
1
Calculate the greatest common factor of 7493 and 18939.
59
Calculate the highest common factor of 2088 and 13509.
9
Calculate the greatest common divisor of 281754 and 6336.
198
Calculate the greatest common factor of 26221 and 26.
13
Calculate the highest common factor of 41 and 8967151.
41
Calculate the greatest common factor of 268 and 2348.
4
Calculate the greatest common divisor of 69 and 5037.
69
What is the highest common factor of 183 and 85461?
183
Calculate the greatest common factor of 132 and 1597104.
12
What is the highest common factor of 19050 and 400?
50
Calculate the highest common factor of 1246 and 136437.
623
Calculate the greatest common factor of 925773 and 138.
69
What is the greatest common factor of 12 and 164586?
6
What is the greatest common factor of 99 and 165888?
9
Calculate the highest common divisor of 24518 and 63388.
598
Calculate the highest common factor of 44745 and 285.
285
What is the greatest common factor of 21972 and 48?
12
What is the greatest common factor of 60 and 19230?
30
What is the greatest common divisor of 85492 and 55?
11
Calculate the highest common factor of 3 and 11484.
3
What is the highest common divisor of 28 and 3787?
7
Calculate the greatest common factor of 2673 and 15.
3
Calculate the greatest common factor of 5951 and 11.
11
What is the highest common divisor of 8500 and 10540?
340
Calculate the highest common factor of 528 and 18579.
33
Calculate the highest common factor of 4525 and 62083.
181
Calculate the highest common divisor of 1337 and 301.
7
Calculate the greatest common factor of 1840 and 1135.
5
Calculate the greatest common factor of 243616 and 1472.
736
What is the greatest common factor of 14960 and 154?
22
Calculate the greatest common divisor of 431802 and 2070.
414
What is the greatest common factor of 236 and 19996?
4
What is the highest common divisor of 97559 and 539?
539
Calculate the greatest common divisor of 266 and 950.
38
Calculate the greatest common factor of 64708 and 392.
28
What is the highest common divisor of 33 and 95293?
11
What is the greatest common divisor of 2630 and 57334?
526
Calculate the highest common divisor of 73233 and 158.
79
What is the highest common divisor of 332712 and 198?
18
Calculate the highest common divisor of 1324 and 1458386.
662
Calculate the greatest common divisor of 11 and 362989.
11
Calculate the highest common divisor of 4872 and 69720.
168
What is the greatest common factor of 1884430 and 10?
10
What is the highest common divisor of 78 and 259766?
26
What is the greatest common factor of 2390 and 6430?
10
Calculate the greatest common divisor of 496 and 704.
16
What is the greatest common divisor of 3376 and 4608?
16
Calculate the highest common divisor of 832 and 10426.
26
Calculate the highest common factor of 833 and 42415.
17
Calculate the greatest common divisor of 496425 and 480.
15
Calculate the greatest common factor of 186950 and 1150.
50
What is the highest common divisor of 150877 and 157?
157
Calculate the highest common divisor of 73669 and 253.
23
What is the greatest common divisor of 43375 and 5375?
125
What is the highest common factor of 3655 and 12685?
215
Calculate the highest common divisor of 5 and 64435.
5
What is the greatest common divisor of 28